3*s. Let a be ((-1)/2)/((-1)/16). Determine p(a).
-3
Let w be ((-8)/10)/(48/600). Let o(s) = -s**3 - 11*s**2 - 10*s + 11. Give o(w).
11
Let d(c) = c**2 - 13*c + 16. Let o(y) = 3*y - 4. Let v(p) = -2*d(p) - 9*o(p). Calculate v(-3).
-11
Let p(n) = n + 3. Let d be p(7). Let i be d/35 + 80/14. Let l(b) = -1 - b + i*b + b - 3*b. Determine l(-4).
-13
Let o(q) = q**2 + 4*q - 3. Let y be o(-5). Let j(r) = -4 - 2*r + 0 + y. Suppose -13*k - 5 = 5*x - 18*k, x = 5*k - 13. Determine j(x).
-6
Let w(u) = -7*u**2 - 3*u + 24. Let m(v) = -6*v**2 + 23. Let i(t) = -6*m(t) + 5*w(t). What is i(16)?
-2
Let j(s) = -s**3 - 4*s**2 + 8*s + 3. Let o(d) = d**3 + 2*d**2 + 5*d + 5. Let g(n) = -n**2 + 6*n - 2. Let h be g(6). Let r be o(h). What is j(r)?
-12
Suppose 2*v = 1 + 5. Suppose 2*a + 9 + 6 = -v*f, -6 = -3*f + 5*a. Let r(g) = g**3 + 2*g**2 - g + 3. Determine r(f).
-3
Let y(v) = 2*v**2 - 15*v + 12. Let o(h) = 3*h**2 - 23*h + 19. Let a(r) = 5*o(r) - 7*y(r). What is a(8)?
-5
Let o(u) = 2*u**2 + 0 + 2 + 463*u - 454*u. Give o(-3).
-7
Let m(l) be the first derivative of 1/3*l**3 - 3/2*l**2 - 3 + l. Determine m(3).
1
Let u(p) = p**3 + 15*p**2 - p - 14. Let f = 68 + -83. Calculate u(f).
1
Let p(s) be the second derivative of 0 - 6*s - 2*s**2 + s**3 - 1/24*s**4. Let v(t) be the first derivative of p(t). What is v(5)?
1
Suppose 4*c - c + 2 = 2*t, c + 4*t = -10. Let x(w) = w**3 + 5*w**2 + 4*w + 3. What is x(c)?
7
Let p(a) = -5*a**3 - a - 1. Suppose 0 = -5*l + 25, 2*n + l + 22 = 5*l. Calculate p(n).
5
Let s = -473 + 467. Let q(z) = z + 2. Determine q(s).
-4
Let z(l) = -l**2 + 7*l - 6. Let x be (-300)/(-18) + -13 - (-2)/(-3). What is z(x)?
6
Let s(c) be the third derivative of -c**5/30 + c**3/6 + 4*c**2 + 6. Let m be (14/21)/((2/(-6))/(-1)). Calculate s(m).
-7
Let b be 63/15 - 3/15. Suppose -8 = -r - 2*j + j, b*r = 4*j + 16. Let v(z) = -z. Give v(r).
-6
Let f(v) = -12*v - v**2 + 17*v - 10 + 2*v + 0*v. Determine f(6).
-4
Let f(l) be the first derivative of -l**6/60 + l**5/60 - l**3/6 + 15*l**2 - 13. Let g(j) be the second derivative of f(j). Give g(-1).
2
Let r(y) be the second derivative of y**6/120 - 7*y**5/60 - y**4/24 + 3*y**3/2 + 3*y**2/2 + 13*y. Let p(l) be the first derivative of r(l). What is p(7)?
2
Let v(t) = 4*t - 1. Let g(d) = 5*d - 2. Let y(f) = 3*g(f) - 4*v(f). Suppose 4*o + 12 = o. What is y(o)?
2
Let m be 4 - (2 - -2 - 2). Suppose -m*l + 30 = 3*l. Let h(z) be the third derivative of z**5/60 - z**4/6 - z**3/6 - z**2. Calculate h(l).
11
Let f be 11/9 + 6/(-27). Let j(o) = 1 - o**2 + o - 1 + f. Suppose -p + 2*p = -1, -4*t = -2*p - 14. What is j(t)?
-5
Let m(s) = -s**2 + 6*s + 3. Let a be m(6). Suppose -2*f - 6 = a*x - 18, -4*x = -3*f - 16. Let r(v) = v - 4. Calculate r(f).
-4
Let t(g) = -4*g**3 + 11*g**2 + g + 4. Let u(y) = -3*y**3 + 9*y**2 + y + 3. Let k(o) = 4*t(o) - 5*u(o). Give k(-2).
7
Suppose 6*g + 0 - 12 = 0. Suppose 2*u - g = -0. Let z(n) = 6*n + 1. What is z(u)?
7
Let h(o) = -2*o**2 + o + 6. Suppose -l + 11 = -2*r - 3*r, r = 5*l - 7. Let j(c) = -c**2 + 1. Let k(s) = l*j(s) - h(s). Determine k(0).
-5
Let x be (6/(-10))/((-42)/(-210)). Let s(p) = -4*p + 2. What is s(x)?
14
Let k be (-21 + 19)*(1/2 + -2). Let d(x) = 2*x - 4. Let l(o) = 1. Let y(f) = -d(f) - 3*l(f). Give y(k).
-5
Let c be 75/30 + (0 - (-3)/(-6)). Let z(t) = 4*t + 2. Determine z(c).
10
Let i(u) be the third derivative of u**4/24 - u**3/6 - 2*u**2. Let w be i(0). Let j(o) = 3*o. What is j(w)?
-3
Let f(b) = 3*b - 12. Suppose 5*q + s + 2*s = 10, -3*s = -3*q + 30. Determine f(q).
3
Let m(f) = f**2 - f - 4. Suppose 33 = 2*l + 3*n, -6*l - 4*n = -2*l - 64. Let s = -14 + l. Let v be -3 + s/((-4)/(-24)). Calculate m(v).
2
Let r be -7 - (-41)/3 - 1/(-3). Suppose r = 5*s - 8. Let w(h) be the second derivative of -h**4/12 + h**3/2 - 2*h**2 - h. Calculate w(s).
-4
Let r(n) = -3*n + 2*n + 200*n**2 - 636*n**2 + 1 + 219*n**2 + 227*n**2. Let c = 1 + 0. What is r(c)?
10
Let i(d) = d**2 - 9*d - 8. Suppose 4*b - 4*v - 52 = 0, 3*v + 87 - 81 = 0. Give i(b).
14
Let g(i) = -i + 3. Let w(s) = 1. Let x(b) = -2*g(b) + 4*w(b). Let c be x(1). Let t be 0 + (-1 - c) + 2. Let p(a) = 4*a - 1. What is p(t)?
3
Suppose 2*m = -3*j + 29, 5*j = 3*m - m + 43. Let s be (-1 - -5)*(-2)/(-4). Let z(g) = -8*g - 2*g**s + 4 - 2 + j*g. Give z(3).
-13
Let u(q) = q**3 + 4*q**2 - 7*q + 2. Let d(p) = -p**2 - 4*p. Let z be d(-5). Calculate u(z).
12
Let j(m) = 17*m**2 + 4 + 7*m - 48*m**2 + 19*m**2 + 13*m**2. Calculate j(-4).
-8
Let c(u) = -4 - 138*u - 1 + 144*u. Give c(5).
25
Let g(w) = -w. Let h be g(-2). Let z(q) = -h*q - 1 + q + 2. Let u be ((3 - 4) + 2)*4. Give z(u).
-3
Let w(z) be the first derivative of -z**2 + 3*z - 490. Suppose 7 = -5*h - 8. Determine w(h).
9
Let w(j) = -j**3 + 3*j**2 + j + 7. Suppose 160 = 41*y - y. Calculate w(y).
-5
Let y(t) = t**2 + 8*t - 26. Let b be y(-10). Let w(u) = -u**3 - 8*u**2 - 9*u - 3. Give w(b).
-21
Let o(r) = r - 1. Suppose 0 = -4*u - m - 15, 15 = -0*m - 5*m. Let q = 295 - 297. Let v = u - q. Give o(v).
-2
Let m = -39 + 42. Let y(c) = 3*c - 10*c + c**3 + 5*c - 1 - m - 5*c**2. Suppose 3*k + 5 = 4*l, 10*k = 5*k - 2*l + 35. Determine y(k).
-14
Let k(f) = 27*f**2 + 57. Let x(l) = 16*l**2 + 28. Let o(h) = 3*k(h) - 5*x(h). Calculate o(0).
31
Let x be 1/(-3 - 51/(-18)). Let c be (-15)/2*x/9. Suppose -2*i - 3*t = -8*t, 0 = c*i + t. Let a(b) = b**2 - b - 3. Give a(i).
-3
Let w = -3127/2 + 1564. Let z(x) be the third derivative of -w*x**3 + 0 + 0*x + 8*x**2 + 7/24*x**4. Give z(2).
11
Let v(f) = -f**3 + 6*f**2 + 3*f + 4. Let y(m) be the first derivative of -m**2 + 44*m + 53. Let l be y(19). Give v(l).
22
Let w(s) = 4 + 7*s**3 + 5*s**3 - 7*s**2 - 13*s**3 + 4 + 3*s + 2*s**3. Give w(6).
-10
Suppose 149209*p + 23 = 149186*p. Let h(k) = 2*k. Let o be h(1). Let q(x) = 5*x - o + 1 - 12*x. Determine q(p).
6
Suppose 14*c = 8*c - 6. Let y be 32/(-12) + c/3. Let w(t) = t - 2. Calculate w(y).
-5
Let s(u) be the second derivative of 1/360*u**6 + 0*u**2 + 1/6*u**3 - 3/8*u**4 + 0 - 1/120*u**5 + 2*u. Let a(k) be the second derivative of s(k). Give a(0).
-9
Let m(a) = a - 5. Let r be m(6). Let o be -4*(r/4 + -2). Let x(l) = 5*l - 13 - 2*l + 8*l - 10*l. Determine x(o).
-6
Let f(x) = -x - 6. Let b be f(-9). Let n(c) be the second derivative of 0 + 5*c - 5/2*c**2 + 5/6*c**b - 1/12*c**4. Give n(6).
-11
Let h be 3/(-2 - 2 - (-4 + -1)). Let g be (-12)/21*(-7)/6*h. Let x(u) = -6*u**2 + u + 2. Give x(g).
-20
Let w(k) = -2 + 2 + 5 - 2 + 247*k - k**2 - 249*k. Give w(-7).
-32
Let o(i) = -9*i + 22. Let p(c) = -5*c + 12. Let s(d) = 6*o(d) - 11*p(d). Determine s(4).
4
Let v(u) be the first derivative of u**2/2 + 4*u + 1. Let a = -315 + 305. Let n be v(a). Let c(j) = -j**3 - 6*j**2 + j + 6. What is c(n)?
0
Let k be (-54)/(-13) - (-30)/(-195). Suppose -4*a - 4*o = 0, -3*o - 35 = -k*a - 0*o. Suppose a = -4*j - 3. Let l(c) = -7*c - 3. Give l(j).
11
Let o(u) be the first derivative of -2*u**3/3 - u**2/2 + 2*u - 249. Give o(4).
-34
Let r(z) = -14 - 24 + 13 - z. What is r(-21)?
-4
Let m(f) = 4*f - 3*f - 344 + 334. Give m(7).
-3
Let q(t) = t - 2. Let i(y) = 64*y + 1 + 1 - 71*y - y**2. Let p be i(-6). Calculate q(p).
6
Let t(o) be the second derivative of o**4/12 + o**3/2 + o**2/2 - o. Let a = 74 - 45. Let k = -33 + a. Calculate t(k).
5
Let g(n) = n - 2. Suppose 72 = -12*r + 4*r. Determine g(r).
-11
Let m be 3 + 0 + (-4)/(-1). Let h(x) = 5*x - 3*x - m*x + 3*x + 2. Determine h(-2).
6
Let r(t) = t**3 + 6*t**2 + 6*t - 2. Suppose -5*c + 9 = -6. Suppose -c*h + 0*h = 3. Let s be (h + -4)*(-1)/(-1). What is r(s)?
-7
Suppose -30 = -5*b + 4*r, 3 = r + 8. Let q(w) = 0*w + 6*w + 94 - w**b - 94. What is q(6)?
0
Let s(q) = -q**2 - 9*q + 7. Let k(p) = -4*p**2 - 36*p + 29. Let l(c) = -2*k(c) + 9*s(c). What is l(-8)?
13
Let q = 47 - 43. Let z(j) = -2*j**3 - 3*j**2 + j + 2. Let o be z(-2). Let t(d) = 6*d + 4*d**2 - d**3 + 2 - o*d - 8. Determine t(q).
2
Let v(h) = 14*h**2 + 20*h + 20. Let a(j) = -5*j**2 - 7*j - 7. Let m(w) = -17*a(w) - 6*v(w). Let r be (21 - 20)*(0 - 1). Give m(r).
1
Let f(n) = -25 - 50 + 51 + n. What is f(0)?
-24
Let p(g) be the first derivative of g**2/2 + 15*g - 639. What is p(-10)?
5
Let x(w) = -w + 7. Let k be x(3). Suppose 0 = -3*s - 14 + 5, 54 = 2*f + 2*s. Let d(v) = 5*v**2 - v**3 - 7*v - 14 + f - 10. What is d(k)?
-6
Suppose -21*b + 39*b = -54. Let 